{"id":12963,"date":"2021-01-19T08:33:06","date_gmt":"2021-01-19T08:33:06","guid":{"rendered":"http:\/\/7oroof.com\/tfdemos\/energtec\/?page_id=12963"},"modified":"2024-09-18T11:09:59","modified_gmt":"2024-09-18T11:09:59","slug":"projects-modern","status":"publish","type":"page","link":"https:\/\/tempries.de\/index.php\/projects-modern\/","title":{"rendered":"tempries Projekte"},"content":{"rendered":"\t\t<div data-elementor-type=\"wp-page\" data-elementor-id=\"12963\" class=\"elementor elementor-12963\">\n\t\t\t\t        <section class=\"elementor-section elementor-top-section elementor-element elementor-element-2f9d4835 elementor-section-stretched elementor-section-boxed elementor-section-height-default elementor-section-height-default\" data-id=\"2f9d4835\" data-element_type=\"section\" data-settings=\"{&quot;stretch_section&quot;:&quot;section-stretched&quot;,&quot;background_background&quot;:&quot;classic&quot;}\">\r\n\t\t            <div class=\"elementor-background-overlay\"><\/div>\r\n\t\t\r\n\t\t        <div class=\"elementor-container elementor-column-gap-default \" >\r\n\t\t        <div class=\"elementor-column elementor-col-100 elementor-top-column elementor-element elementor-element-5a6085b2\" data-id=\"5a6085b2\" data-element_type=\"column\">\r\n            <div class=\"elementor-widget-wrap elementor-element-populated\">\r\n                        <section class=\"elementor-section elementor-inner-section elementor-element elementor-element-1d890895 elementor-section-boxed elementor-section-height-default elementor-section-height-default\" data-id=\"1d890895\" data-element_type=\"section\">\r\n\t\t\r\n\t\t        <div class=\"elementor-container elementor-column-gap-default \" >\r\n\t\t        <div class=\"elementor-column elementor-col-50 elementor-inner-column elementor-element elementor-element-60fbeb03\" data-id=\"60fbeb03\" data-element_type=\"column\">\r\n            <div class=\"elementor-widget-wrap elementor-element-populated\">\r\n                \t\t<div class=\"elementor-element elementor-element-5b648abb elementor-widget elementor-widget-cms_heading\" data-id=\"5b648abb\" data-element_type=\"widget\" data-widget_type=\"cms_heading.default\">\n\t\t\t\t<div class=\"elementor-widget-container\">\n\t\t\t\t\t<div class=\"cms-heading-wrapper cms-heading-layout1\">\r\n    \r\n            <h1 class=\"custom-heading\">\r\n            <span >Projekte <\/span>\r\n        <\/h1>\r\n        \r\n    <\/div>\t\t\t\t<\/div>\n\t\t\t\t<\/div>\n\t\t\t\t<div class=\"elementor-element elementor-element-284e3d47 elementor-widget elementor-widget-text-editor\" data-id=\"284e3d47\" data-element_type=\"widget\" data-widget_type=\"text-editor.default\">\n\t\t\t\t<div class=\"elementor-widget-container\">\n\t\t\t\t\t\t\t\t\t<p>Im Laufe der Jahre haben wir viele Heizungs- und L\u00fcftungsprojekte entwickelt und fertiggestellt. Da die verwendeten W\u00e4rmepumpe auf die jeweiligen Anforderungen abgestimmt worden sind, stellen wir die verschiedenen L\u00f6sungen und Einsatzbereiche hier vor.<\/p>\t\t\t\t\t\t\t\t<\/div>\n\t\t\t\t<\/div>\n\t\t\t\t<div class=\"elementor-element elementor-element-4b81e473 elementor-widget__width-auto elementor-widget elementor-widget-cms_button\" data-id=\"4b81e473\" data-element_type=\"widget\" data-widget_type=\"cms_button.default\">\n\t\t\t\t<div class=\"elementor-widget-container\">\n\t\t\t\t\t<div class=\"cms-button-wrapper cms-button layout1\">\r\n    <a href=\"https:\/\/calendly.com\/tempries\/30min\" target=\"_blank\" rel=\"nofollow noopener\" class=\"btn btn-default\">\r\n                            <span class=\"cms-button-icon cms-align-icon-right\">\r\n                <i aria-hidden=\"true\" class=\"flaticon flaticon-arrow-pointing-to-right\"><\/i>            <\/span>\r\n                <span class=\"cms-button-text\">Beratungstermin vereinbaren:<\/span>\r\n    <\/a>\r\n<\/div>\t\t\t\t<\/div>\n\t\t\t\t<\/div>\n\t\t            <\/div>\r\n        <\/div>\r\n                <div class=\"elementor-column elementor-col-50 elementor-inner-column elementor-element elementor-element-4d4ae869\" data-id=\"4d4ae869\" data-element_type=\"column\">\r\n            <div class=\"elementor-widget-wrap\">\r\n                            <\/div>\r\n        <\/div>\r\n        \t\t\t<\/div>\r\n\t\t<\/section>\r\n\t\t\t\t<div class=\"elementor-element elementor-element-d81a91d elementor-widget elementor-widget-spacer\" data-id=\"d81a91d\" data-element_type=\"widget\" data-widget_type=\"spacer.default\">\n\t\t\t\t<div class=\"elementor-widget-container\">\n\t\t\t\t\t\t\t<div class=\"elementor-spacer\">\n\t\t\t<div class=\"elementor-spacer-inner\"><\/div>\n\t\t<\/div>\n\t\t\t\t\t\t<\/div>\n\t\t\t\t<\/div>\n\t\t\t\t<div class=\"elementor-element elementor-element-465c07c5 elementor-widget elementor-widget-cms_breadcrumb\" data-id=\"465c07c5\" data-element_type=\"widget\" data-widget_type=\"cms_breadcrumb.default\">\n\t\t\t\t<div class=\"elementor-widget-container\">\n\t\t\t\t\t<ul class=\"cms-breadcrumb\"><li><span class=\"breadcrumb-entry\">Home<\/span><\/li><\/ul>\t\t\t\t<\/div>\n\t\t\t\t<\/div>\n\t\t            <\/div>\r\n        <\/div>\r\n        \t\t\t<\/div>\r\n\t\t<\/section>\r\n\t\t        <section class=\"elementor-section elementor-top-section elementor-element elementor-element-01bd1c5 elementor-section-boxed elementor-section-height-default elementor-section-height-default\" data-id=\"01bd1c5\" data-element_type=\"section\">\r\n\t\t\r\n\t\t        <div class=\"elementor-container elementor-column-gap-default \" >\r\n\t\t        <div class=\"elementor-column elementor-col-100 elementor-top-column elementor-element elementor-element-0bfd079\" data-id=\"0bfd079\" data-element_type=\"column\">\r\n            <div class=\"elementor-widget-wrap elementor-element-populated\">\r\n                \t\t<div class=\"elementor-element elementor-element-7aaa34e elementor-widget elementor-widget-cms_project_grid\" data-id=\"7aaa34e\" data-element_type=\"widget\" data-widget_type=\"cms_project_grid.default\">\n\t\t\t\t<div class=\"elementor-widget-container\">\n\t\t\t\t\t\r\n<div id=\"cms_project_grid-7aaa34e\" class=\"cms-grid cms-project-grid layout1\" data-layout=\"masonry\" data-start-page=\"1\" data-max-pages=\"4\" data-total=\"20\" data-perpage=\"6\" data-next-link=\"https:\/\/tempries.de\/index.php\/wp-json\/wp\/v2\/pages\/12963\/page\/2\/\">\r\n    <div class=\"cms-grid-overlay\"><\/div>\r\n            <div class=\"grid-filter-wrap align-center\">\r\n            <span class=\"filter-item active\" data-filter=\"*\">All<\/span>\r\n                                                            \r\n                <span class=\"filter-item\" data-filter=\".einfamilienhaus\">\r\n                    Einfamilienhaus                <\/span>\r\n                                                            \r\n                <span class=\"filter-item\" data-filter=\".heizungstausch\">\r\n                    Heizungstausch                <\/span>\r\n                                                            \r\n                <span class=\"filter-item\" data-filter=\".mehrfamilienhaus\">\r\n                    Mehrfamilienhaus                <\/span>\r\n                                                            \r\n                <span class=\"filter-item\" data-filter=\".neubau\">\r\n                    Neubau                <\/span>\r\n                                                            \r\n                <span class=\"filter-item\" data-filter=\".ovum-waermepumpen\">\r\n                    Ovum W\u00e4rmepumpen                <\/span>\r\n                    <\/div>\r\n    \r\n    <div class=\"cms-grid-inner cms-grid-masonry row gap-0 animation-time\" data-gutter=\"15\">\r\n                    <div class=\"grid-sizer col-xl-4 col-lg-4 col-md-6 col-sm-6 col-12\"><\/div>\r\n                                <div class=\"grid-item col-xl-4 col-lg-4 col-md-6 col-sm-6 col-12 einfamilienhaus\">\r\n                    <div class=\"grid-item-inner\">\r\n                                                    <div class=\"entry-featured\">\r\n                                <a class=\"item-feauted\" href=\"https:\/\/tempries.de\/index.php\/project\/nilan-air9-ausseneinheit\/\"><img fetchpriority=\"high\" decoding=\"async\" class=\"\" src=\"https:\/\/tempries.de\/wp-content\/uploads\/2026\/03\/2026-03-03-Nilan-Air-9--370x275.png\" width=\"370\" height=\"275\" alt=\"Nilan Air 9 Ausseneiheit\" title=\"2026-03-03 Nilan Air 9\" \/><\/a>\r\n                            <\/div>\r\n                                                <div class=\"entry-body\">\r\n                            <div class=\"item-category\"><a href=\"https:\/\/tempries.de\/index.php\/project-category\/einfamilienhaus\/\" rel=\"tag\">Einfamilienhaus<\/a><\/div>\r\n                            <h3 class=\"entry-title\">\r\n                                <a href=\"https:\/\/tempries.de\/index.php\/project\/nilan-air9-ausseneinheit\/\">Nilan Compact P Air9 \u2013 Au\u00dfenger\u00e4t defekt? Wir \u00fcberholen es.<\/a>\r\n                            <\/h3>\r\n                                                            <div class=\"entry-content\">\r\n                                    tempries erweitert sein Serviceangebot: Wir \u00fcbernehmen die k\u00e4ltetechnische Inspektion, Wartung und \u00dcberholung von Nilan-Au\u00dfenger\u00e4ten \u2013 in unserer eigenen Werkstatt, mit Originalteilen direkt aus D\u00e4nemark.                                <\/div>\r\n                                                                                        <div class=\"entry-readmore\">\r\n                                    <a class=\"project-more\" href=\"https:\/\/tempries.de\/index.php\/project\/nilan-air9-ausseneinheit\/\">Explore More <i class=\"fac fac-arrow-right\"><\/i><\/a>\r\n                                <\/div>\r\n                                                <\/div>\r\n                <\/div>\r\n                <\/div>\r\n                            <div class=\"grid-item col-xl-4 col-lg-4 col-md-6 col-sm-6 col-12 einfamilienhaus neubau\">\r\n                    <div class=\"grid-item-inner\">\r\n                                                    <div class=\"entry-featured\">\r\n                                <a class=\"item-feauted\" href=\"https:\/\/tempries.de\/index.php\/project\/kontrollierte-wohnraumbelueftung\/\"><img decoding=\"async\" class=\"\" src=\"https:\/\/tempries.de\/wp-content\/uploads\/2025\/10\/efh-bonn-370x275.jpg\" width=\"370\" height=\"275\" alt=\"Holzhaus mit Nilan Compact P2 Air9 W\u00e4rmepumpe\" title=\"Holzhaus mit Nilan Compact P2 Air9  W\u00e4rmepumpe\" \/><\/a>\r\n                            <\/div>\r\n                                                <div class=\"entry-body\">\r\n                            <div class=\"item-category\"><a href=\"https:\/\/tempries.de\/index.php\/project-category\/einfamilienhaus\/\" rel=\"tag\">Einfamilienhaus<\/a>, <a href=\"https:\/\/tempries.de\/index.php\/project-category\/neubau\/\" rel=\"tag\">Neubau<\/a><\/div>\r\n                            <h3 class=\"entry-title\">\r\n                                <a href=\"https:\/\/tempries.de\/index.php\/project\/kontrollierte-wohnraumbelueftung\/\">Nilan Compact P2 Air9 -&gt;Luft-Wasser W\u00e4rmepumpe mit kontrollierter Wohnrauml\u00fcftung<\/a>\r\n                            <\/h3>\r\n                                                            <div class=\"entry-content\">\r\n                                    Traumhaus aus Holz mit einer W\u00e4rmepumpenzentrale mit einer kontrollierten Wohnraumbel\u00fcftung                                <\/div>\r\n                                                                                        <div class=\"entry-readmore\">\r\n                                    <a class=\"project-more\" href=\"https:\/\/tempries.de\/index.php\/project\/kontrollierte-wohnraumbelueftung\/\">Explore More <i class=\"fac fac-arrow-right\"><\/i><\/a>\r\n                                <\/div>\r\n                                                <\/div>\r\n                <\/div>\r\n                <\/div>\r\n                            <div class=\"grid-item col-xl-4 col-lg-4 col-md-6 col-sm-6 col-12 heizungstausch mehrfamilienhaus ovum-waermepumpen\">\r\n                    <div class=\"grid-item-inner\">\r\n                                                    <div class=\"entry-featured\">\r\n                                <a class=\"item-feauted\" href=\"https:\/\/tempries.de\/index.php\/project\/heizungstausch-mehrfamilienhaus\/\"><img decoding=\"async\" class=\"\" src=\"https:\/\/tempries.de\/wp-content\/uploads\/2026\/01\/Aussenaufnahme-3-370x275.jpg\" width=\"370\" height=\"275\" alt=\"tempries Heizungstausch Ovum Minden Friedrichstra\u00dfe\" title=\"tempries Heizungstausch Ovum Minden Friedrichstra\u00dfe\" \/><\/a>\r\n                            <\/div>\r\n                                                <div class=\"entry-body\">\r\n                            <div class=\"item-category\"><a href=\"https:\/\/tempries.de\/index.php\/project-category\/heizungstausch\/\" rel=\"tag\">Heizungstausch<\/a>, <a href=\"https:\/\/tempries.de\/index.php\/project-category\/mehrfamilienhaus\/\" rel=\"tag\">Mehrfamilienhaus<\/a>, <a href=\"https:\/\/tempries.de\/index.php\/project-category\/ovum-waermepumpen\/\" rel=\"tag\">Ovum W\u00e4rmepumpen<\/a><\/div>\r\n                            <h3 class=\"entry-title\">\r\n                                <a href=\"https:\/\/tempries.de\/index.php\/project\/heizungstausch-mehrfamilienhaus\/\">Heizungsmodernisierung im 5-Familienhaus \u2013 Minden (Westfalen)<\/a>\r\n                            <\/h3>\r\n                                                            <div class=\"entry-content\">\r\n                                    In Minden (Westfalen) modernisieren wir die Heizungsanlage eines 5-Familienhauses. Das Geb\u00e4ude wird \u00fcber Heizk\u00f6rper beheizt \u2013 eine typische Bestandskonstellation, die eine saubere Auslegung, passende Hydraulik und eine zuverl\u00e4ssige Regelung besonders.                                <\/div>\r\n                                                                                        <div class=\"entry-readmore\">\r\n                                    <a class=\"project-more\" href=\"https:\/\/tempries.de\/index.php\/project\/heizungstausch-mehrfamilienhaus\/\">Explore More <i class=\"fac fac-arrow-right\"><\/i><\/a>\r\n                                <\/div>\r\n                                                <\/div>\r\n                <\/div>\r\n                <\/div>\r\n                            <div class=\"grid-item col-xl-4 col-lg-4 col-md-6 col-sm-6 col-12 einfamilienhaus heizungstausch\">\r\n                    <div class=\"grid-item-inner\">\r\n                                                    <div class=\"entry-featured\">\r\n                                <a class=\"item-feauted\" href=\"https:\/\/tempries.de\/index.php\/project\/passivhaus-austausch-vitotres343-viessmann\/\"><img loading=\"lazy\" decoding=\"async\" class=\"\" src=\"https:\/\/tempries.de\/wp-content\/uploads\/2025\/08\/2025-08-07-Viessmann-Vitotres-343-Waermepumpe-Hauswirtschaftsraum-370x275.png\" width=\"370\" height=\"275\" alt=\"Viessmann Vitotres 343 W\u00e4rmepumpe im Passivhaus\" title=\"Viessmann Vitotres 343 W\u00e4rmepumpe im Passivhaus\" \/><\/a>\r\n                            <\/div>\r\n                                                <div class=\"entry-body\">\r\n                            <div class=\"item-category\"><a href=\"https:\/\/tempries.de\/index.php\/project-category\/einfamilienhaus\/\" rel=\"tag\">Einfamilienhaus<\/a>, <a href=\"https:\/\/tempries.de\/index.php\/project-category\/heizungstausch\/\" rel=\"tag\">Heizungstausch<\/a><\/div>\r\n                            <h3 class=\"entry-title\">\r\n                                <a href=\"https:\/\/tempries.de\/index.php\/project\/passivhaus-austausch-vitotres343-viessmann\/\">Ihre Passivhausanlage ist defekt? Es gibt eine L\u00f6sung!<\/a>\r\n                            <\/h3>\r\n                                                            <div class=\"entry-content\">\r\n                                    Viele Passivh\u00e4user wurden vor 15\u201320 Jahren mit innovativen Kompaktanlagen, wie der Viessmann Vitotres 343 ausgestattet. Heute sind einige dieser Anlagen defekt \u2013 Ersatz gibt es vom Hersteller nicht mehr.                                <\/div>\r\n                                                                                        <div class=\"entry-readmore\">\r\n                                    <a class=\"project-more\" href=\"https:\/\/tempries.de\/index.php\/project\/passivhaus-austausch-vitotres343-viessmann\/\">Explore More <i class=\"fac fac-arrow-right\"><\/i><\/a>\r\n                                <\/div>\r\n                                                <\/div>\r\n                <\/div>\r\n                <\/div>\r\n                            <div class=\"grid-item col-xl-4 col-lg-4 col-md-6 col-sm-6 col-12 einfamilienhaus heizungstausch\">\r\n                    <div class=\"grid-item-inner\">\r\n                                                    <div class=\"entry-featured\">\r\n                                <a class=\"item-feauted\" href=\"https:\/\/tempries.de\/index.php\/project\/koenig-waermepumpe-im-heizungstausch\/\"><img loading=\"lazy\" decoding=\"async\" class=\"\" src=\"https:\/\/tempries.de\/wp-content\/uploads\/2025\/08\/2025-08-07-Meyer-Ovum-Waermepumpe-370x275.png\" width=\"370\" height=\"275\" alt=\"Heizungstausch mit Ovum W\u00e4rmepumpe in Minden\" title=\"Heizungstausch mit Ovum W\u00e4rmepumpe in Minden\" \/><\/a>\r\n                            <\/div>\r\n                                                <div class=\"entry-body\">\r\n                            <div class=\"item-category\"><a href=\"https:\/\/tempries.de\/index.php\/project-category\/einfamilienhaus\/\" rel=\"tag\">Einfamilienhaus<\/a>, <a href=\"https:\/\/tempries.de\/index.php\/project-category\/heizungstausch\/\" rel=\"tag\">Heizungstausch<\/a><\/div>\r\n                            <h3 class=\"entry-title\">\r\n                                <a href=\"https:\/\/tempries.de\/index.php\/project\/koenig-waermepumpe-im-heizungstausch\/\">Von der K\u00f6nig W\u00e4rmepumpe zur Ovum W\u00e4rmepumpe\u2013 20 Jahre W\u00e4rmepumpen-Erfahrung im echten Einsatz<\/a>\r\n                            <\/h3>\r\n                                                            <div class=\"entry-content\">\r\n                                    Vor 20 Jahren war der Heizungstausch mit einer Luft-Wasser-W\u00e4rmepumpe noch echte Pionierarbeit. Damals setzten wir mit den robusten K\u00f6nig-W\u00e4rmepumpen der Firma Itec Ma\u00dfst\u00e4be \u2013 heute d\u00fcrfen wir die ersten dieser.                                <\/div>\r\n                                                                                        <div class=\"entry-readmore\">\r\n                                    <a class=\"project-more\" href=\"https:\/\/tempries.de\/index.php\/project\/koenig-waermepumpe-im-heizungstausch\/\">Explore More <i class=\"fac fac-arrow-right\"><\/i><\/a>\r\n                                <\/div>\r\n                                                <\/div>\r\n                <\/div>\r\n                <\/div>\r\n                            <div class=\"grid-item col-xl-4 col-lg-4 col-md-6 col-sm-6 col-12 einfamilienhaus heizungstausch ovum-waermepumpen\">\r\n                    <div class=\"grid-item-inner\">\r\n                                                    <div class=\"entry-featured\">\r\n                                <a class=\"item-feauted\" href=\"https:\/\/tempries.de\/index.php\/project\/projektstart-in-magdeburg-ovum-waermepumpe-ersetzt-oelheizung\/\"><img loading=\"lazy\" decoding=\"async\" class=\"\" src=\"https:\/\/tempries.de\/wp-content\/uploads\/2025\/03\/8faacb41-2099-4f03-896f-8b57cda977af-370x275.jpeg\" width=\"370\" height=\"275\" alt=\"Ovum ACP317 W\u00e4rmepumpe ohne Verkleidung\" title=\"Ovum ACP317 W\u00e4rmepumpe\" \/><\/a>\r\n                            <\/div>\r\n                                                <div class=\"entry-body\">\r\n                            <div class=\"item-category\"><a href=\"https:\/\/tempries.de\/index.php\/project-category\/einfamilienhaus\/\" rel=\"tag\">Einfamilienhaus<\/a>, <a href=\"https:\/\/tempries.de\/index.php\/project-category\/heizungstausch\/\" rel=\"tag\">Heizungstausch<\/a>, <a href=\"https:\/\/tempries.de\/index.php\/project-category\/ovum-waermepumpen\/\" rel=\"tag\">Ovum W\u00e4rmepumpen<\/a><\/div>\r\n                            <h3 class=\"entry-title\">\r\n                                <a href=\"https:\/\/tempries.de\/index.php\/project\/projektstart-in-magdeburg-ovum-waermepumpe-ersetzt-oelheizung\/\">Projektstart in Magdeburg: Ovum W\u00e4rmepumpe ersetzt \u00d6lheizung<\/a>\r\n                            <\/h3>\r\n                                                            <div class=\"entry-content\">\r\n                                    Ein neues W\u00e4rmepumpen-Projekt ist erfolgreich gestartet! Nach Abschluss der Planungsphase wurde das Fundament vorbereitet und die Ovum W\u00e4rmepumpe p\u00fcnktlich angeliefert. In den kommenden Tagen erfolgt die Reinigung und fachgerechte Entsorgung.                                <\/div>\r\n                                                                                        <div class=\"entry-readmore\">\r\n                                    <a class=\"project-more\" href=\"https:\/\/tempries.de\/index.php\/project\/projektstart-in-magdeburg-ovum-waermepumpe-ersetzt-oelheizung\/\">Explore More <i class=\"fac fac-arrow-right\"><\/i><\/a>\r\n                                <\/div>\r\n                                                <\/div>\r\n                <\/div>\r\n                <\/div>\r\n                <\/div>\r\n            <div class=\"cms-grid-pagination\" data-loadmore=\"{&quot;posttype&quot;:&quot;project&quot;,&quot;startPage&quot;:1,&quot;maxPages&quot;:4,&quot;total&quot;:20,&quot;perpage&quot;:&quot;6&quot;,&quot;nextLink&quot;:&quot;https:\\\/\\\/tempries.de\\\/index.php\\\/wp-json\\\/wp\\\/v2\\\/pages\\\/12963\\\/page\\\/2\\\/&quot;,&quot;source&quot;:&quot;&quot;,&quot;orderby&quot;:&quot;date&quot;,&quot;order&quot;:&quot;desc&quot;,&quot;limit&quot;:&quot;6&quot;,&quot;post_ids&quot;:&quot;&quot;,&quot;col_xl&quot;:4,&quot;col_lg&quot;:4,&quot;col_md&quot;:6,&quot;col_sm&quot;:6,&quot;col_xs&quot;:12,&quot;thumbnail_size&quot;:&quot;full&quot;,&quot;thumbnail_custom_dimension&quot;:{&quot;width&quot;:&quot;&quot;,&quot;height&quot;:&quot;&quot;},&quot;pagination_type&quot;:&quot;pagination&quot;,&quot;show_excerpt&quot;:&quot;true&quot;,&quot;num_words&quot;:30,&quot;show_meta&quot;:&quot;true&quot;,&quot;show_button&quot;:&quot;true&quot;,&quot;button_text&quot;:&quot;Explore More&quot;,&quot;template_type&quot;:&quot;project_grid_layout1&quot;,&quot;tax&quot;:[&quot;project-category&quot;,&quot;project-category&quot;,&quot;project-category&quot;,&quot;project-category&quot;,&quot;project-category&quot;]}\" data-query=\"{&quot;post_type&quot;:&quot;project&quot;,&quot;post_status&quot;:&quot;publish&quot;,&quot;posts_per_page&quot;:6,&quot;order&quot;:&quot;desc&quot;,&quot;orderby&quot;:&quot;date&quot;,&quot;tax_query&quot;:{&quot;relation&quot;:&quot;OR&quot;},&quot;post__not_in&quot;:[12963]}\">\r\n                <nav class=\"navigation posts-pagination ajax\">\r\n        <div class=\"posts-page-links\">\r\n            <span aria-current=\"page\" class=\"page-numbers current\">1<\/span>\n<a class=\"page-numbers\" href=\"#2\">2<\/a>\n<span class=\"page-numbers dots\">&hellip;<\/span>\n<a class=\"page-numbers\" href=\"#4\">4<\/a>\n<a class=\"next page-numbers\" href=\"#2\"><i class=\"fac fac-arrow-right\"><\/i><\/a>        <\/div>\r\n    <\/nav>\r\n            <\/div>\r\n        <\/div>\t\t\t\t<\/div>\n\t\t\t\t<\/div>\n\t\t            <\/div>\r\n        <\/div>\r\n        \t\t\t<\/div>\r\n\t\t<\/section>\r\n\t\t\t\t<\/div>\n\t\t","protected":false},"excerpt":{"rendered":"<p>Projekte Im Laufe der Jahre haben wir viele Heizungs- und L\u00fcftungsprojekte entwickelt und fertiggestellt. Da die verwendeten W\u00e4rmepumpe auf die jeweiligen Anforderungen abgestimmt worden sind, stellen wir die verschiedenen L\u00f6sungen und Einsatzbereiche hier vor. Beratungstermin vereinbaren: Home All Einfamilienhaus Heizungstausch Mehrfamilienhaus Neubau Einfamilienhaus K\u00fchlen mit der Wohnraumbel\u00fcftung Im Jahr 2000 lie\u00df der Kunde sich von [&hellip;]<\/p>\n","protected":false},"author":1,"featured_media":0,"parent":0,"menu_order":0,"comment_status":"closed","ping_status":"closed","template":"","meta":{"footnotes":""},"class_list":["post-12963","page","type-page","status-publish","hentry"],"_links":{"self":[{"href":"https:\/\/tempries.de\/index.php\/wp-json\/wp\/v2\/pages\/12963","targetHints":{"allow":["GET"]}}],"collection":[{"href":"https:\/\/tempries.de\/index.php\/wp-json\/wp\/v2\/pages"}],"about":[{"href":"https:\/\/tempries.de\/index.php\/wp-json\/wp\/v2\/types\/page"}],"author":[{"embeddable":true,"href":"https:\/\/tempries.de\/index.php\/wp-json\/wp\/v2\/users\/1"}],"replies":[{"embeddable":true,"href":"https:\/\/tempries.de\/index.php\/wp-json\/wp\/v2\/comments?post=12963"}],"version-history":[{"count":46,"href":"https:\/\/tempries.de\/index.php\/wp-json\/wp\/v2\/pages\/12963\/revisions"}],"predecessor-version":[{"id":22155,"href":"https:\/\/tempries.de\/index.php\/wp-json\/wp\/v2\/pages\/12963\/revisions\/22155"}],"wp:attachment":[{"href":"https:\/\/tempries.de\/index.php\/wp-json\/wp\/v2\/media?parent=12963"}],"curies":[{"name":"wp","href":"https:\/\/api.w.org\/{rel}","templated":true}]}}